{"id":2,"date":"2019-11-20T00:10:21","date_gmt":"2019-11-20T00:10:21","guid":{"rendered":"http:\/\/www.champfromier.fr\/?page_id=2"},"modified":"2023-05-18T09:46:00","modified_gmt":"2023-05-18T09:46:00","slug":"sample-page","status":"publish","type":"page","link":"https:\/\/www.champfromier.fr\/","title":{"rendered":"Bienvenue"},"content":{"rendered":"\n<p>Notre association a pour but de contribuer au&nbsp;rayonnement culturel de Champfromier. Travailler \u00e0 la sauvegarde et \u00e0 l&#8217;am\u00e9nagement des sentiers communaux et des sites. D\u00e9velopper la connaissance \u00e0 travers voyages, randonn\u00e9es, conf\u00e9rences, visites de mus\u00e9es et autres activit\u00e9s. <\/p>\n\n\n\n<h2 class=\"wp-block-heading has-white-background-color has-background has-x-large-font-size\" id=\"2022\" style=\"font-style:normal;font-weight:700\"><\/h2>\n\n\n\n<figure class=\"wp-block-gallery has-nested-images columns-default is-cropped wp-block-gallery-1 is-layout-flex\"><\/figure>\n","protected":false},"excerpt":{"rendered":"<p>Notre association a pour but de contribuer au&nbsp;rayonnement culturel de Champfromier. Travailler \u00e0 la sauvegarde et \u00e0 l&#8217;am\u00e9nagement des sentiers communaux et des sites. D\u00e9velopper la connaissance \u00e0 travers voyages, randonn\u00e9es, conf\u00e9rences, visites de mus\u00e9es et autres activit\u00e9s.<\/p>\n","protected":false},"author":1,"featured_media":0,"parent":0,"menu_order":0,"comment_status":"closed","ping_status":"closed","template":"","meta":[],"_links":{"self":[{"href":"https:\/\/www.champfromier.fr\/index.php?rest_route=\/wp\/v2\/pages\/2"}],"collection":[{"href":"https:\/\/www.champfromier.fr\/index.php?rest_route=\/wp\/v2\/pages"}],"about":[{"href":"https:\/\/www.champfromier.fr\/index.php?rest_route=\/wp\/v2\/types\/page"}],"author":[{"embeddable":true,"href":"https:\/\/www.champfromier.fr\/index.php?rest_route=\/wp\/v2\/users\/1"}],"replies":[{"embeddable":true,"href":"https:\/\/www.champfromier.fr\/index.php?rest_route=%2Fwp%2Fv2%2Fcomments&post=2"}],"version-history":[{"count":10,"href":"https:\/\/www.champfromier.fr\/index.php?rest_route=\/wp\/v2\/pages\/2\/revisions"}],"predecessor-version":[{"id":562,"href":"https:\/\/www.champfromier.fr\/index.php?rest_route=\/wp\/v2\/pages\/2\/revisions\/562"}],"wp:attachment":[{"href":"https:\/\/www.champfromier.fr\/index.php?rest_route=%2Fwp%2Fv2%2Fmedia&parent=2"}],"curies":[{"name":"wp","href":"https:\/\/api.w.org\/{rel}","templated":true}]}}

<p>Notre association a pour but de contribuer au&nbsp;rayonnement culturel de Champfromier. Travailler à la sauvegarde et à l&#8217;aménagement des sentiers communaux et des sites. Développer la connaissance à travers voyages, randonnées, conférences, visites de musées et autres activités. </p>



<h2 class="wp-block-heading has-white-background-color has-background has-x-large-font-size" id="2022" style="font-style:normal;font-weight:700"></h2>



<figure class="wp-block-gallery has-nested-images columns-default is-cropped wp-block-gallery-1 is-layout-flex"></figure>

<p>Notre association a pour but de contribuer au&nbsp;rayonnement culturel de Champfromier. Travailler à la sauvegarde et à l&#8217;aménagement des sentiers communaux et des sites. Développer la connaissance à travers voyages, randonnées, conférences, visites de musées et autres activités.</p>
